0/(-2)?
1
Let l(c) = 700*c**2 + 290*c - 585. What is the units digit of l(2)?
5
What is the tens digit of ((-5672)/(-24) - 1)/((-1)/(-57))?
1
Suppose -115*t - 20 = -120*t. Suppose -d - 2*p = -5*p - 402, 0 = -t*p. What is the tens digit of d?
0
Let y(m) = 21*m**2 + 13*m + 8. Let o(w) = 16*w + 134. Let p be o(-8). What is the units digit of y(p)?
2
Suppose -435402 = -957*g + 846*g + 4902921. What is the tens digit of g?
9
Let y be ((-15200)/(-75))/(1/(-57)). What is the tens digit of 3/15 - y/40?
8
Suppose 7*i - 2*i = -25, -i - 155 = -5*j. Suppose 2*s + 3*s = -j. What is the units digit of 1 + 9/s - 31/(-2)?
5
Suppose -105 = 16*r - r. What is the units digit of r/((-224)/17880) - (-2)/8?
9
Let u = -335 - -174. Let v = -7 + 9. What is the tens digit of v/7 - 25231/u?
5
Suppose 0 = -38*r + 33*r. Let d(k) = -18*k + 510. What is the tens digit of d(r)?
1
Let u(f) = 7234*f**2 + 77*f - 74. What is the hundreds digit of u(1)?
2
Suppose -30*a - 15482 = -117*a + 819892. What is the units digit of a?
2
Let p(l) = -5*l**3 - l**2. Let b be p(-1). Let i(d) = -3*d**2 + 8*d + 8*d + b*d**2 - 7*d - 7. What is the units digit of i(-13)?
5
Let y = -21 - -21. Suppose 43 = 3*p + n, n - 58 = -y*p - 4*p. What is the tens digit of p?
1
Let g(b) = b**2 + 17*b + 14. Let p be g(-21). Let q be 4 + (-6)/((-12)/p). Let t = 139 - q. What is the units digit of t?
6
Suppose 64679 = k + 3*n, -2017*n - 64691 = -k - 2016*n. What is the ten thousands digit of k?
6
Let y(n) = -57*n + 121. Suppose -11*p = -9 + 108. What is the units digit of y(p)?
4
Let x(s) be the third derivative of 239*s**5/20 - s**4/6 + 5*s**3/6 + 19*s**2. What is the hundreds digit of x(1)?
7
Let t(m) = 44*m**2 - 2. Let w be t(-2). Let u = w - 407. Let c = u - -399. What is the hundreds digit of c?
1
Let j(m) = -2368*m + 2914. What is the thousands digit of j(-18)?
5
Let j = -94 - -102. Suppose j + 8 = 4*f - c, -c + 8 = 2*f. Suppose -f - 6 = 2*z, -5*i - 3*z = -385. What is the units digit of i?
0
Suppose 0 = -4*c, f - 218 - 148 = 5*c. Let n = f - 255. What is the hundreds digit of n?
1
What is the units digit of 6255 - ((-10)/85 + 57/51) - 1?
3
Suppose -4*j + 4*d - 6313 = -24673, 2*d = -5*j + 22992. What is the hundreds digit of j?
5
Let r be 12*(7 + 66/(-9)). What is the tens digit of (-1350 - 18)*r/6?
1
Let n be 6753/12 - -1*(-4)/(-16). Suppose 5*b - n = -83. Let u = 10 + b. What is the units digit of u?
6
Let f(t) = 21 - 2*t - 11*t + 11 + 35*t. Let h(n) = -n - 2. Let p(b) = -f(b) + 4*h(b). What is the units digit of p(-10)?
0
Suppose 0 = 2*h + 4*n - 6048 - 5496, -11508 = -2*h + 2*n. What is the thousands digit of h?
5
Suppose -157*d = -5126234 + 1242996. What is the ten thousands digit of d?
2
Let s = -336 + 561. Suppose f = 2*f + 2*x - 74, -3*f - 5*x + s = 0. What is the units digit of f?
0
Suppose 62*x - 60*x = 90. Let i be (-11)/((-22)/144) + 2. Let y = i - x. What is the units digit of y?
9
Suppose -268*k + 273*k - 15 = 0. Let l(t) = 427*t + 7. What is the hundreds digit of l(k)?
2
Let c(m) = -205*m**3 + 2*m**2 - 4*m + 2. Let a be c(1). Let z = 417 + a. What is the tens digit of z?
1
Let a = -75 - -15. Suppose -93*o + 581 = -100*o. Let v = a - o. What is the tens digit of v?
2
What is the tens digit of (5 - (-159)/(-9))*(1 - 1870/4)?
0
Let p(y) = y**3 + 6*y**2 + 12*y + 40. Let m be p(-5). Suppose 0 = -m*u + 10*u - 360. What is the units digit of u?
2
Suppose -18*h - 30 = 24. What is the hundreds digit of (-1)/(1/(-347)*h/(-3))?
3
Suppose 2*z + 27 = 7*z + 4*s, -3*z + 2*s + 3 = 0. Suppose -4*d - 3*b + 3273 = -2*b, -d - z*b + 810 = 0. What is the units digit of d?
9
Suppose 0 = 28*v + 1739 - 16366 - 7997. What is the hundreds digit of v?
8
Let n(h) = -53*h**2 - 10*h + 29413. What is the hundreds digit of n(0)?
4
Let f = -2412 - -2872. What is the hundreds digit of f?
4
Let s(h) = 692*h - 4811. What is the ten thousands digit of s(70)?
4
Suppose 9*h = h + 64. Suppose -3*k - 2*g + h = -g, -5*g = k + 2. Suppose -r - 3*i = -6*r + 445, -k*r - i = -267. What is the tens digit of r?
8
Let k(d) = 39*d + 193. Let y be ((-6)/(-9))/(1/(-6)) + 15. What is the hundreds digit of k(y)?
6
Suppose -4*p - 5*d = -21, -18*p + 39 = -13*p + 2*d. Suppose p*w = 8220 - 1641. What is the units digit of w?
1
Let p = 366 + -138. Suppose -5*c - 2*k + 1643 = p, c - 5*k - 256 = 0. What is the units digit of c?
1
Let q = -41 - -44. Let t be (5 - q)/2 - -10. Suppose -10*y + t*y = 133. What is the hundreds digit of y?
1
Suppose 2*m - x - 11 = -2*x, x = -5*m + 29. Let s be -3*-20*(-1)/m. What is the hundreds digit of 568/(-6)*15/s?
1
Suppose 5*p = -s + 7936, 13677 + 17992 = 4*s + 5*p. What is the thousands digit of s?
7
Suppose 0 = 3*h + 4*d + 12, 4*h - 2*d = -7 - 31. What is the hundreds digit of -25*(h - 3) - 6/3?
2
Let n(g) = 13*g - 51. Let m be n(17). Suppose 5*x - 40 = -15. Suppose -3*t + 364 = 4*v - x*t, 2*t = -2*v + m. What is the tens digit of v?
8
Let l(j) = -57*j**2 + 178*j - 25. Let b(a) = -29*a**2 + 89*a - 13. Let n(k) = 5*b(k) - 3*l(k). What is the tens digit of n(5)?
1
Suppose -4*c = 3*v - 7, v = -v + 2*c + 14. Suppose v*y + 240 - 725 = 0. Suppose -623 = -5*r + y. What is the hundreds digit of r?
1
Let o = 331 - 605. Let n be (6 + -5)/((-2)/o). What is the hundreds digit of (n/2)/(6/12)?
1
Let y(f) = f**2 + 14*f + 13. Suppose 0 = -0*p - p + 3. Suppose -s + p*s = -28. What is the units digit of y(s)?
3
Let s(y) = 3*y**2 + 11*y - 15. Let p(k) = k**2 - 5*k**2 + 23 - 9 - 10*k. Let i(r) = -2*p(r) - 3*s(r). What is the tens digit of i(-7)?
5
Let z(l) = -19*l**2 - 20*l - 69. Let h be z(42). What is the units digit of h/(-68) - 10/8?
5
Let w(l) be the first derivative of -35 + 6*l + 3*l**2 + 32/3*l**3. What is the units digit of w(-2)?
2
Let m = 21466 - 11656. What is the thousands digit of m?
9
Let k(d) = d**2 - 6*d - 3. Let f be k(7). Suppose f*p = 5*n + 569, n - 2*n = -5*p + 685. What is the hundreds digit of p?
1
Let x = -9023 - -14669. What is the units digit of x?
6
Let s = -35 - -53. What is the hundreds digit of -55*(-6 + s/30)?
2
What is the units digit of 72499/21 + (3 - (-4)/((-12)/7))?
3
Let f = 77837 - 47654. What is the units digit of f?
3
Suppose -3716626 - 2722427 = -108*h - 161*h. What is the units digit of h?
7
Let m(g) be the third derivative of g**4/24 + 53*g**3 + g**2 + 46. What is the hundreds digit of m(0)?
3
Let p(b) = -7*b**3 - b**2 + 10*b + 25. Let y(t) = t**3 + 4*t**2 + 18*t + 112. Let w be y(-5). What is the units digit of p(w)?
5
Let y be (66 + 170)*(-34)/(-8). Suppose 61 = -i + y. What is the units digit of i?
2
Let d(y) = 222*y. Let j be d(5). Let z = j + -155. What is the units digit of z?
5
Suppose -2*d = -y + 1233, -2*y - d + 3502 - 1011 = 0. What is the thousands digit of y?
1
Suppose 12113 = 4*s - 13519. What is the units digit of s?
8
Suppose -28*a + 27*a + 1 = 0. Suppose -2*z - 3*x + a = 0, 7*z + x - 7 = 3*z. Suppose -46 = -2*d - o + 99, -146 = -z*d - 2*o. What is the tens digit of d?
7
Suppose 8*n - 768 - 64 = 0. What is the tens digit of 49832/n - (-6)/(-39)?
7
Let s = -44 + 38. Let q = s - -23. Suppose 3*f - 259 = q. What is the tens digit of f?
9
Let i(v) = -v**3 - v**2 + 3*v + 2. Let x be i(-2). Suppose 2*n + 4*q - 2*q - 684 = 0, x = n + 2*q - 338. What is the tens digit of n?
4
Let p(i) = 127*i - 4006. What is the ten thousands digit of p(128)?
1
Let c(b) = 268*b**2 - 7*b - 2. Let r be c(2). Suppose 8*p - 352 = r. What is the units digit of p?
6
Let p(t) = 6*t**2 - 26*t - 59. Suppose -8*o = -10*o - 6, 0 = -5*c + o + 98. What is the tens digit of p(c)?
1
Let q(n) = -2*n**3 - 15*n**2 - 133*n + 90. What is the tens digit of q(-21)?
9
What is the units digit of ((-671)/33)/((-48)/192528)?
7
Let p(r) = r**3 + 21*r**2 + 68*r + 4. Let n be p(-17). Suppose -n*g + 146 = -3198. What is the units digit of g?
6
Let b be ((-8187)/(-6) - -7)/((-2)/(-4)). Let m = b + -1469. What is the tens digit of m?
7
Suppose 5 = w - 4*n - 14, 3*w = n + 90. Let i = w + -37. Let b(h) = -35*h - 10. What is the units digit of b(i)?
0
Let l = 58 + -70. Let s be 142 + 2 + -1 + (-36)/l. Suppose -3*f = -5*u - s, 4*f + f = 5*u + 230. What is the units digit of f?
2
Let j(k) = -2*k + k**2 + k - 5*k - 4. Let z be j(7). Suppose 0 = p - r - 55, -p + 0*p + 63 = -z*r. What is the units digit of p?
1
Let u be (10*4)/(17/85). Let m 